, 11
Let f(y) = y**3 - 4*y**2 - 5*y - 6. Suppose -27 = 5*p - 77. Suppose -4*s + 14 = -p. What are the prime factors of f(s)?
2, 3
Suppose -3*n - 2*d - 10 = 0, n + 10 = -d - d. Suppose n*k - 5*k + 5 = 0. What are the prime factors of (29 - 0/k) + 1?
2, 3, 5
Let w = 4 - 1. Suppose -o - w*o = -12, 0 = -5*f + 4*o - 2. Suppose -f*x + 87 = 19. List the prime factors of x.
2, 17
What are the prime factors of 82/(60/(-40) - 199/(-130))?
5, 13, 41
Let p(f) = 14*f + 271. List the prime factors of p(12).
439
Let b(o) be the third derivative of o**6/120 + o**5/4 + 7*o**4/24 - 2*o**3 - 4*o**2. List the prime factors of b(-14).
2, 43
Suppose -226*h + 228*h = 1154. What are the prime factors of h?
577
Let l be -1*7/(14/(-8)). Let u(p) = p**2 - 2*p - 7. Let w be u(l). Suppose 5*b - 141 + w = 0. What are the prime factors of b?
2, 7
Let m = 235 - -171. Suppose l = 8*l - m. List the prime factors of l.
2, 29
Let q = -308 + 1398. What are the prime factors of q?
2, 5, 109
Let u(s) = -s**2 - 37*s + 72. What are the prime factors of u(-29)?
2, 19
Let b = 12 + -11. Suppose -5*k = 5*v - 12 + 2, -b = -v - 2*k. Suppose -v*d - 20 = -8*d. List the prime factors of d.
2
Let u = -31 + 235. List the prime factors of u.
2, 3, 17
Let c = 59 - 63. List the prime factors of 0 + 15*c/(-3).
2, 5
Suppose -6*y = -4*y + 270. Let l = y + 196. List the prime factors of l.
61
Let m be (-116)/(-28) + 5/(-35). Suppose m*j = 8 + 24. What are the prime factors of j?
2
Suppose 0*o + 4*o - 208 = 0. Let w be 6/39 - (-1240)/o. List the prime factors of 198/8 + (-18)/w.
2, 3
Let k = -175 - -365. Suppose -k = -l - 0*l. What are the prime factors of l?
2, 5, 19
Let n be 6*(-3)/2 - -3. Let r(k) = 3*k - 11. Let z(w) = -6*w + 23. Let o(c) = -7*r(c) - 3*z(c). What are the prime factors of o(n)?
2, 13
Suppose 5*w = -5*r + 350, -4*w + w + 4*r + 196 = 0. Suppose 2*v - 2*x - x = 34, 2*x - w = -4*v. List the prime factors of v.
17
Let t(y) = -127*y + 2. Let i be (0 + 1)*8/(-8). What are the prime factors of t(i)?
3, 43
Let g be 3*-1 - (-2 - -2). Let d be (-3)/g - (3 - 2). Let b(l) = l**3 - l**2 + 56. What are the prime factors of b(d)?
2, 7
Suppose -4*c - 4*k = -44, -4*c - 4*k = -c - 33. Let s(u) = 61*u**2 + 4*u**3 - 36*u**2 + 11*u - 37*u**2 - 3*u**3 + 6 + 10. List the prime factors of s(c).
2
Let v(m) = -38*m**3 + 7*m**2 + 18*m + 18. List the prime factors of v(-4).
2, 3, 5, 83
Let x(w) = 3*w**2 + 4*w - 3. Let s be x(3). Suppose -2*u + s = 4*c, 3*c + 20 = -c. Suppose u = g + 1. What are the prime factors of g?
3
Suppose -q - 3 = -3*z - 0*q, 2*q - 12 = -3*z. Suppose z*k - 80 = 6*k. Let v = -11 - k. List the prime factors of v.
3
Suppose 4 = -4*m, -2*m + 1 = 2*i + m. Suppose i = 2*h, -2*u + 220 = -0*u + 4*h. Suppose -k = -5*k + u. List the prime factors of k.
3
Let v be (1 + -1)/((-63)/(-21)). List the prime factors of 4/(-12)*v + 97.
97
Let l(y) = 4*y + 5. Let b be l(8). Suppose -3*g - 4*z - 9 = -36, 5*g + 4*z - b = 0. Let o = g + 43. List the prime factors of o.
2, 3
Let t be 645/6 - 3/6. Suppose 10 = 4*d + d, -3*y + 5*d = -t. List the prime factors of y.
3, 13
Let r = 8 - 1. Let y(n) = -n**2 + 2 - 1 + 6 + 9*n. What are the prime factors of y(r)?
3, 7
Let s(i) = i**3 - 6*i**2 + 2*i - 9. Let j be s(6). Suppose 4*c - j*c = 55. List the prime factors of c.
5, 11
Suppose -97*l + 312810 = 16863. What are the prime factors of l?
3, 113
Let t be (2 + -4)*6/(-4). Suppose 2*g = -4*f + f + 78, -4*g + 156 = t*f. What are the prime factors of g?
3, 13
Let a(j) = j**3 + 11*j**2 - 8*j + 6. What are the prime factors of a(-10)?
2, 3, 31
Suppose 5*l - 4 = 4*l. Suppose -g + 0*g = -l. Suppose -z + g*z - 15 = 0. List the prime factors of z.
5
Suppose 0 = -3*f - 2*r + 1414, 3*f - 11*r = -8*r + 1434. What are the prime factors of f?
2, 3, 79
Let l be 24/(0 + 3/(-8)). Suppose 0 = -i - 1, 0*s = -4*s + 4*i - 156. Let c = s - l. List the prime factors of c.
2, 3
Suppose -5*y + 2*z = -12032 - 668, 5080 = 2*y - 3*z. List the prime factors of y.
2, 5, 127
Let q(w) = -218*w - 4. Let b be q(-2). Let m = b + -230. What are the prime factors of m?
2, 101
Let y(i) = -2*i + 6. Let n be y(6). Let d = n + 8. Suppose -2*j - d = -18. What are the prime factors of j?
2
Let n = -11 - 0. Let x(z) = z**2 + 10*z - 11. Let r be x(n). Suppose -3*u = l - 38, r*l + 3*u = l - 50. What are the prime factors of l?
2, 11
Suppose 41*x + 19108 = 51826. List the prime factors of x.
2, 3, 7, 19
Let k(i) = 4*i**3 - 5*i**2 + 4*i + 6. Let t be k(4). Let y = t - -18. List the prime factors of y.
2, 3
Let l(q) = -328*q + 57. What are the prime factors of l(-3)?
3, 347
Let y = -6681 + 9471. What are the prime factors of y?
2, 3, 5, 31
Suppose -120*w = -116*w - 1192. List the prime factors of w.
2, 149
Let u be (4 + 3)*(1 + 0/(-1)). Suppose u*j = 11*j - 152. What are the prime factors of j?
2, 19
Suppose -4*q + 1610 = 2*i, 163*q = -3*i + 159*q + 2411. List the prime factors of i.
3, 89
Let f be (0/1)/(4 + -1). Suppose -4*w - k = -f*k - 179, -k = 5*w - 224. What are the prime factors of w?
3, 5
Let n = 13 + 19. Suppose 0 = -2*k + n + 112. What are the prime factors of k?
2, 3
Let c(x) = x - 2. Let v be c(0). Let b be v/6 + (-91)/(-21). Suppose -5*d + 4*f + 122 = f, b*f = -2*d + 54. What are the prime factors of d?
5
Let h be 3 - (0 - 0) - -2. Suppose -h*z + 164 = 49. What are the prime factors of z?
23
Let t = -1712 - -4903. List the prime factors of t.
3191
Suppose l - 29 = 30. Suppose -l = -5*g + 2*y, 3*g - 31 = 2*y - 3*y. What are the prime factors of g?
11
Let k(b) = b - 1. Let l(f) = 3. Let i(g) = -2*k(g) - 2*l(g). Let u be i(-9). Suppose j - 12 = u. List the prime factors of j.
2, 13
Let z(o) = 8*o**2 - 15*o + 13. Let k be z(-7). Suppose 0 = -4*w - w + k. List the prime factors of w.
2, 3, 17
Suppose -4*h - 26 = -5*h. What are the prime factors of h - (-5)/10*4?
2, 7
Let l(v) = 363*v**2 - 18*v - 4. What are the prime factors of l(2)?
2, 353
Let c(p) = 183*p - 43. What are the prime factors of c(6)?
5, 211
Suppose -7*x + x = 0. Suppose x = 2*v - 6*v + 140. Suppose -s - 4*s = -v. What are the prime factors of s?
7
Suppose 3*d - 3*k - 264 = 0, -d - 2 = -5*k - 94. Suppose -d + 677 = 5*c. List the prime factors of c.
2, 59
Let n(z) = 87*z**3 + z + 1. Let j = 20 + -19. List the prime factors of n(j).
89
Suppose 3*j = 4*b + 6501, 4*b = 2*j + 3*b - 4329. What are the prime factors of j?
3, 7, 103
Let u = 23 - 18. Suppose 2*f + 3*d + 15 = 0, u*d = 6 - 31. Let t = f + 9. List the prime factors of t.
3
Let h = -373 + 486. What are the prime factors of h?
113
Let u be -5*(-9)/30*-4. Suppose 11*y = 6*y - 380. List the prime factors of 15/45 + y/u.
13
Let j = -59 - -59. Suppose j = -2*o + 54 + 130. List the prime factors of o.
2, 23
Let g(f) = 48*f**2. Suppose 6*p - 48 + 12 = 0. Suppose -7*r + p*r = -1. What are the prime factors of g(r)?
2, 3
Let s = -9 - -21. Let c = s + -6. What are the prime factors of 22 + (-3)/((-9)/c)?
2, 3
Suppose -5*z - 16 = -1, -2*g = -3*z - 2371. What are the prime factors of g?
1181
Let b(d) = d**3 + 11*d**2 - 11*d - 6. List the prime factors of b(8).
2, 3, 11, 17
Let u be (-6)/(-45) + (-2396)/(-30). Suppose 0 = -32*i + 34*i - u. List the prime factors of i.
2, 5
Suppose 18*w = 16*w + 1944. What are the prime factors of w?
2, 3
Let m be -7 - (3 - 1)/2. Let g be m/6*6/2. Let l(h) = -6*h + 2. What are the prime factors of l(g)?
2, 13
Let w(h) be the first derivative of -27*h - 5/2*h**2 + 2. What are the prime factors of w(-12)?
3, 11
Suppose -5*f = 3*x - 1040, -461 = -x - 2*f - 114. What are the prime factors of x?
3, 5, 23
List the prime factors of 279/744 - (1834/(-16) + -1).
2, 29
Let z = 8 - 12. Let o be (2/z)/((-3)/36). List the prime factors of (-88)/o*9/(-6).
2, 11
Let i = 367 + 148. List the prime factors of i.
5, 103
Suppose 9*w = 2262 + 1545. List the prime factors of w.
3, 47
Suppose 0 + 10 = 5*v, 2909 = 3*p + 4*v. List the prime factors of p.
967
Let t be 4 + 0 + -2 + 0. Let s(w) = w - 12*w**2 + t*w - 5 + w**3 - w - 2. List the prime factors of s(12).
17
Let v be (12/(-18))/(1/(-6)). Suppose 0 = -4*o + c + 96 - 15, 2*c - 47 = -3*o. Let y = o - v. What are the prime factors of y?
3, 5
Let k(d) = 9*d**3 - 3*d**2 + 6*d - 27. List the prime factors of k(4).
3, 5, 7
Suppose -300 = 4*z + 2*c, -5*z + 3*z + 4*c - 130 = 0. List the prime 